{"id":27750,"date":"2026-04-13T11:58:52","date_gmt":"2026-04-13T09:58:52","guid":{"rendered":"https:\/\/laspeoniascasarural.es\/?page_id=27750"},"modified":"2026-04-15T09:52:22","modified_gmt":"2026-04-15T07:52:22","slug":"sobre-nosotros","status":"publish","type":"page","link":"https:\/\/laspeoniascasarural.es\/?page_id=27750","title":{"rendered":"Sobre Nosotros"},"content":{"rendered":"\t\t<div data-elementor-type=\"wp-page\" data-elementor-id=\"27750\" class=\"elementor elementor-27750\">\n\t\t\t\t<div class=\"elementor-element elementor-element-7b915db4 e-flex e-con-boxed e-con e-parent\" data-id=\"7b915db4\" data-element_type=\"container\" data-e-type=\"container\">\n\t\t\t\t\t<div class=\"e-con-inner\">\n\t\t\t\t<div class=\"elementor-element elementor-element-73e7401a elementor-widget elementor-widget-text-editor\" data-id=\"73e7401a\" data-element_type=\"widget\" data-e-type=\"widget\" data-widget_type=\"text-editor.default\">\n\t\t\t\t\t\t\t\t\t<p><span style=\"font-size: 14pt;\">En pleno coraz\u00f3n de la Sierra Norte de Guadalajara, rodeado de naturaleza y tranquilidad, se encuentra Las Peon\u00edas.<\/span><span style=\"font-size: 14pt;\"> Un peque\u00f1o complejo rural pensado para quienes buscan desconectar, descansar y disfrutar del encanto de la vida en el campo.<\/span><\/p>\n<p>\u00a0<\/p>\n<p><span style=\"font-size: 14pt;\">Situado en la zona de los famosos Pueblos de la Arquitectura Negra, nuestros alojamientos combinan tradici\u00f3n, naturaleza y comodidad para ofrecer una experiencia aut\u00e9ntica.<\/span><\/p>\n<p>\u00a0<\/p>\n<p><span style=\"font-size: 14pt;\">En Las Peon\u00edas encontrar\u00e1s dos tipos de alojamientos:<\/span><\/p>\n<p>\u00a0<\/p>\n<ul>\n<li><span style=\"font-size: 14pt;\"> Apartamentos rurales independientes, ideales para parejas, familias o peque\u00f1os grupos. <\/span><\/li>\n<li><span style=\"font-size: 14pt;\">Una Casa Rural completa, perfecta para reuniones familiares o escapadas con amigos.<\/span><\/li>\n<\/ul>\n<p><span style=\"font-size: 14pt;\">Un lugar donde el silencio, el paisaje y la calma se convierten en parte de la experiencia.<\/span><\/p>\t\t\t\t\t\t\t\t<\/div>\n\t\t\t\t\t<\/div>\n\t\t\t\t<\/div>\n\t\t\t\t<\/div>\n\t\t","protected":false},"excerpt":{"rendered":"<p>En pleno coraz\u00f3n de la Sierra Norte de Guadalajara, rodeado de naturaleza y tranquilidad, se encuentra Las Peon\u00edas. Un peque\u00f1o complejo rural pensado para quienes buscan desconectar, descansar y disfrutar del encanto de la vida en el campo. \u00a0 Situado en la zona de los famosos Pueblos de la Arquitectura Negra, nuestros alojamientos combinan tradici\u00f3n, naturaleza y comodidad para ofrecer una experiencia aut\u00e9ntica. \u00a0 &#8230;<\/p>\n","protected":false},"author":1,"featured_media":0,"parent":0,"menu_order":0,"comment_status":"closed","ping_status":"closed","template":"","meta":{"inline_featured_image":false,"_monsterinsights_skip_tracking":false,"_monsterinsights_sitenote_active":false,"_monsterinsights_sitenote_note":"","_monsterinsights_sitenote_category":0,"footnotes":""},"class_list":["post-27750","page","type-page","status-publish","hentry"],"aioseo_notices":[],"_links":{"self":[{"href":"https:\/\/laspeoniascasarural.es\/index.php?rest_route=\/wp\/v2\/pages\/27750","targetHints":{"allow":["GET"]}}],"collection":[{"href":"https:\/\/laspeoniascasarural.es\/index.php?rest_route=\/wp\/v2\/pages"}],"about":[{"href":"https:\/\/laspeoniascasarural.es\/index.php?rest_route=\/wp\/v2\/types\/page"}],"author":[{"embeddable":true,"href":"https:\/\/laspeoniascasarural.es\/index.php?rest_route=\/wp\/v2\/users\/1"}],"replies":[{"embeddable":true,"href":"https:\/\/laspeoniascasarural.es\/index.php?rest_route=%2Fwp%2Fv2%2Fcomments&post=27750"}],"version-history":[{"count":4,"href":"https:\/\/laspeoniascasarural.es\/index.php?rest_route=\/wp\/v2\/pages\/27750\/revisions"}],"predecessor-version":[{"id":27785,"href":"https:\/\/laspeoniascasarural.es\/index.php?rest_route=\/wp\/v2\/pages\/27750\/revisions\/27785"}],"wp:attachment":[{"href":"https:\/\/laspeoniascasarural.es\/index.php?rest_route=%2Fwp%2Fv2%2Fmedia&parent=27750"}],"curies":[{"name":"wp","href":"https:\/\/api.w.org\/{rel}","templated":true}]}}